and l.
24
Let f = 35 - 33. Let g(v) = -20*v**3 + 3*v**f - 4 + 3 + 2*v + 0. Let k be g(-1). What is the greatest common factor of 20 and k?
20
Let b(p) = -1029*p - 6553. Let w be b(-9). What is the greatest common factor of 16 and w?
4
Let b be (-117)/(-5) - 12/(-20). Suppose b*h - 13*h = 330. Calculate the highest common factor of h and 330.
30
Let s be ((-16)/4*6)/(12/(-128)). Let x = s - 161. What is the greatest common factor of x and 114?
19
Suppose 17*p + 1480 = 13*p. Let v = p + 482. What is the greatest common divisor of 32 and v?
16
Suppose -5*f - 885 = -2*k, 30*k - 33*k = f - 1370. What is the highest common divisor of k and 312?
13
Let q = -7510 + 20722. Calculate the greatest common divisor of 72 and q.
36
Let o be (-303)/(-18) + 330/(-396). What is the greatest common factor of o and 316?
4
Let i(m) = m**3 + 5*m**2 + 5*m + 9. Let r be i(-4). Suppose 108 = -2*z + 3*z + r*j, -4*z = -2*j - 432. What is the greatest common divisor of 72 and z?
36
Suppose 3*f = -72 + 198. Suppose 4*l + 0*l - 38 = 5*r, r = 2. Let k be (7 - 31)*((-21)/l + 0). Calculate the highest common divisor of k and f.
42
Suppose -2*c + 3*y = -3*c + 4, 2*y = -2*c. Let x = 274 + -271. Let a be (-6*c/x)/(2/42). Calculate the highest common divisor of 21 and a.
21
Let g be -1 + ((-16)/(-10))/((-2)/(-75)). Suppose 8*s - 133 = g. Calculate the highest common divisor of 132 and s.
12
Suppose -117*l - 292 = -37*l - 3412. What is the highest common factor of l and 360?
3
Suppose -21*y + 62 = -19*y - 4*r, 4*r = -4. Suppose -5*j + 5*d = -1260, -2*d = 23 - y. Calculate the greatest common divisor of 60 and j.
15
Let s(l) = -31*l - 19. Let z be s(-9). Let p = -156 + z. What is the greatest common divisor of p and 117?
13
Let w = -246 - -422. Let p be (-535)/(-20) + -3 + (-2)/(-8). Let f be (-3 + -5)*(-1 + (-42)/p). Calculate the highest common divisor of w and f.
22
Suppose -18*n - 95 = -23. Let z be n/54 + (-43176)/(-1134). What is the highest common divisor of 12 and z?
2
Suppose 0 = -3*b - 15, 7*h - 2*b - 160 = 6*h. Calculate the highest common divisor of 26175 and h.
75
Let w(y) = -82*y**3 + 2*y**2 + 2*y. Let m be w(-1). Calculate the highest common factor of 3362 and m.
82
Let y(g) = -3399*g**3 + 4*g**2 + 3. Let w be y(-1). Calculate the highest common factor of 26 and w.
26
Let i be 190 + 24 + -8 - -11. What is the highest common divisor of i and 2821?
217
Suppose -5*y - 2*r = -4460, 2695 = 3*y - 274*r + 279*r. What is the greatest common factor of 150 and y?
10
Suppose -54527 = -2*b - 3*l, -71*b + 73*b = 3*l + 54533. What is the highest common factor of b and 410?
205
Suppose 10*j - 156 = 6*j. Let y be 1/(-2)*(-53 + j). Calculate the highest common factor of 1 and y.
1
Suppose 0 = -12*n + n - 12*n + 322. Calculate the highest common factor of n and 938.
14
Suppose 5*o - 2871 = -4*z, 1081 + 1795 = 5*o - z. Calculate the greatest common divisor of o and 25.
25
Let u(c) = c**2 + 35*c + 5. Let n be u(-35). Suppose 0 = i + 1 - 5, n*i = -3*p + 26. Calculate the highest common factor of p and 176.
2
Let u = -363 + 591. Suppose 5*f - u = -f. Let h = 178 - 102. What is the highest common divisor of f and h?
38
Let t be 1/(-5) - (-915456)/1280. Calculate the greatest common factor of 30 and t.
5
Suppose -23386*w + 546 = -23379*w. What is the greatest common factor of w and 378?
6
Let x(c) = -c**3 + 10*c**2 - 26*c + 19. Let a be x(4). Calculate the highest common divisor of a and 7535.
11
Let k be (222/(-24) - -3 - -6)*-632. What is the highest common factor of k and 6794?
158
Suppose 1260 = 5*x + 5*p, 5*x + p - 6*p = 1300. Let g = 9291 - 9266. Suppose 0 = -11*f + x - g. What is the greatest common factor of 7 and f?
7
Let n = 141 - 68. Let q = -70 + n. Let a = -260 - -261. What is the greatest common divisor of q and a?
1
Let x be -10 - (-1984)/200 - 377*(-2)/50. Calculate the highest common factor of 22485 and x.
15
Let l(w) = 2*w + 6. Let d be l(6). Let z(g) = -g**3 - g**2 - 8*g + 1. Let o be z(-4). Let v be (4/6)/(6/o). Calculate the greatest common divisor of d and v.
9
Let o = 230 + -218. Suppose 0 = l + 4 - 34. What is the greatest common factor of o and l?
6
Let q = 419 - 337. Suppose 0 = j + 2*j + 240. Let x = q + j. What is the highest common divisor of x and 2?
2
Let t be (-135)/(-108)*-4 - (-226 + (-2)/(-2)). Calculate the highest common factor of 1892 and t.
44
Let l = -7499 - -7599. What is the greatest common factor of l and 560?
20
Let s be (183/4)/(677/24372). Calculate the greatest common divisor of s and 81.
27
Suppose 23 = 3*x - 2*o, 2*o + 3 + 29 = 4*x. Let g be (-1)/3 + 318/x. Suppose 2*a - 289 - 341 = 0. What is the greatest common factor of g and a?
35
Suppose 0*h + 436 = 2*h + 4*k, 2*k = -4*h + 854. Suppose -x + 6*x = 3*r + h, 5*x - r = 204. Calculate the greatest common divisor of 15 and x.
5
Let k(b) = 417*b + 476. Let u be k(0). Calculate the greatest common divisor of u and 56.
28
Let v(b) = -b**3 + 9*b**2 + 14*b - 5. Let x be v(10). Let z(t) = 2*t**2 - 44*t - 21. Let p be z(-7). What is the greatest common factor of x and p?
35
Let f be 48/27 - (85/(-180) - 23/(-92)). Calculate the greatest common factor of 892 and f.
2
Suppose -3*v - 2*v + 2*l - 218 = 0, -5*v - 217 = -3*l. Let m = -43 - v. Let b be m - -2 - 0 - -4. What is the highest common divisor of 63 and b?
7
Let f be ((-1)/(-3))/(4 + (-1)/((-54)/(-210))). Let s(w) = 6 + 6 + 3*w + w. Let d be s(f). Calculate the greatest common factor of d and 48.
24
Suppose -4*k + 48 = 4*t, -3*k - 38 = -4*t - 95. Suppose -6*w + 3*w = -k. Suppose 0 = -w*o + 15 + 75. Calculate the highest common divisor of o and 144.
18
Let r(o) = -o + 2*o + 5 - 9*o - 2. Suppose -18 = h + 5*f, 5*f + 10 = -3*h - 14. Let l be r(h). What is the highest common factor of 18 and l?
9
Let s = -4 - -49. Let w(v) = -1 - 1 - 1 + 4*v**3 - 2*v**2 - 3 + 2*v. Let y be w(3). Calculate the greatest common factor of y and s.
45
Let b(l) = -l**3 - 11*l**2 - 21*l - 27. Let m be b(-9). Let r(s) = -9*s + 6. Let g be r(m). Calculate the highest common divisor of g and 120.
6
Let w(z) = 2*z**2 + 5*z + 4. Let u be w(-8). Suppose 893*m - 23184 = 837*m. What is the greatest common factor of m and u?
46
Let w be 508 - (-1)/((-2)/8). Suppose -13*z + w = -z. Suppose 0*v = -2*v + 3*r + z, 4*v + r - 112 = 0. Calculate the highest common factor of v and 243.
27
Suppose 5*g = -4*h + 17 - 439, 438 = -4*h + 3*g. Let r = h - -218. What is the greatest common divisor of 20 and r?
10
Suppose -1517 - 108 = -35*u + 3030. What is the greatest common factor of 203 and u?
7
Let m be 254/6 - (-12)/18. Suppose -m*h + 46*h = -210. Let v = -40 - h. What is the highest common factor of 75 and v?
15
Suppose 3*u = 117 + 27. Let n be ((-6)/(72/(-20)))/(10/36). Let x be 30/25*(21/n - 1). Calculate the greatest common factor of x and u.
3
Suppose -6*a = -227 - 312 + 95. What is the highest common factor of a and 5032?
74
Suppose -7616 = 13500*x - 13516*x. Calculate the greatest common divisor of 1071 and x.
119
Let k be -4 + 8 - (-11 + -4). Let x(h) = 2*h**2 - 13*h + 117. Let n be x(k). What is the greatest common factor of n and 37?
37
Let l be (-3)/9*0 + 91. Let p be l - 3*2/(-3). Let q be (-3)/15 + (-1386)/(-55) + 6. Calculate the highest common divisor of q and p.
31
Let g(s) = 122*s + 5. Let i be g(5). Suppose 5*v = 3*c + c - i, 2*c = -4*v + 314. Calculate the highest common divisor of 5 and c.
5
Let u(v) = -v + 5. Let o = -3 - -9. Let p(q) = -6. Let w(g) = o*p(g) + 4*u(g). Let c be w(-10). Calculate the greatest common divisor of 3 and c.
3
Suppose -4*i + 132 = 4*q, -5*i + 2*i = -3. Let d = 1314 + -715. Let j = d + -551. What is the greatest common divisor of q and j?
16
Let m(t) = t**3 + 18*t**2 + 48*t + 18. Let n be m(-15). Let k(y) = 2*y + 63. Let c be k(n). What is the highest common factor of 45 and c?
9
Let i be (-17)/((-119)/179184) - (-15)/(-21). What is the greatest common divisor of i and 11?
11
Let a be (16/(-16) + (-26)/(-6))/((-256)/(-84) + -3). Let q = -18 + 43. Let b = 53 - q. What is the highest common factor of a and b?
14
Let l be 4/(-3) + (-11310)/(-261). What is the greatest common factor of 3339 and l?
21
Suppose -6*r - 30 = -72. Suppose 21*q - r*q - 630 = 0. Calculate the greatest common divisor of q and 18.
9
Let j(i) = -i**3 + 17*i**2 - 41*i + 8. Let